{"id":245,"date":"2022-03-31T13:56:07","date_gmt":"2022-03-31T11:56:07","guid":{"rendered":"http:\/\/mazzocchi-avocats.com\/?page_id=245"},"modified":"2025-01-23T09:50:27","modified_gmt":"2025-01-23T08:50:27","slug":"blog","status":"publish","type":"page","link":"https:\/\/mazzocchi-avocats.com\/index.php\/blog\/","title":{"rendered":"Actualit\u00e9s"},"content":{"rendered":"\t\t<div data-elementor-type=\"wp-page\" data-elementor-id=\"245\" class=\"elementor elementor-245\">\n\t\t\t\t\t\t<section class=\"elementor-section elementor-top-section elementor-element elementor-element-af4140a elementor-section-height-min-height elementor-section-boxed elementor-section-height-default elementor-section-items-middle\" data-id=\"af4140a\" data-element_type=\"section\" data-e-type=\"section\" data-settings=\"{&quot;background_background&quot;:&quot;classic&quot;}\">\n\t\t\t\t\t\t\t<div class=\"elementor-background-overlay\"><\/div>\n\t\t\t\t\t\t\t<div class=\"elementor-container elementor-column-gap-default\">\n\t\t\t\t\t<div class=\"elementor-column elementor-col-100 elementor-top-column elementor-element elementor-element-88a5d54\" data-id=\"88a5d54\" data-element_type=\"column\" data-e-type=\"column\">\n\t\t\t<div class=\"elementor-widget-wrap elementor-element-populated\">\n\t\t\t\t\t\t<div class=\"elementor-element elementor-element-31f37034 de_scroll_animation_no elementor-invisible elementor-widget elementor-widget-heading\" data-id=\"31f37034\" data-element_type=\"widget\" data-e-type=\"widget\" data-settings=\"{&quot;_animation&quot;:&quot;fadeInUp&quot;}\" data-widget_type=\"heading.default\">\n\t\t\t\t<div class=\"elementor-widget-container\">\n\t\t\t\t\t<h2 class=\"elementor-heading-title elementor-size-default\">Actualit\u00e9s &amp; Publications <\/h2>\t\t\t\t<\/div>\n\t\t\t\t<\/div>\n\t\t\t\t<div class=\"elementor-element elementor-element-1e2e0b0a elementor-icon-list--layout-inline elementor-align-center elementor-list-item-link-full_width de_scroll_animation_no elementor-invisible elementor-widget elementor-widget-icon-list\" data-id=\"1e2e0b0a\" data-element_type=\"widget\" data-e-type=\"widget\" data-settings=\"{&quot;_animation&quot;:&quot;fadeInUp&quot;,&quot;_animation_delay&quot;:200}\" data-widget_type=\"icon-list.default\">\n\t\t\t\t<div class=\"elementor-widget-container\">\n\t\t\t\t\t\t\t<ul class=\"elementor-icon-list-items elementor-inline-items\">\n\t\t\t\t\t\t\t<li class=\"elementor-icon-list-item elementor-inline-item\">\n\t\t\t\t\t\t\t\t\t\t<span class=\"elementor-icon-list-text\">Accueil<\/span>\n\t\t\t\t\t\t\t\t\t<\/li>\n\t\t\t\t\t\t\t\t<li class=\"elementor-icon-list-item elementor-inline-item\">\n\t\t\t\t\t\t\t\t\t\t\t<span class=\"elementor-icon-list-icon\">\n\t\t\t\t\t\t\t<i aria-hidden=\"true\" class=\"fas fa-long-arrow-alt-right\"><\/i>\t\t\t\t\t\t<\/span>\n\t\t\t\t\t\t\t\t\t\t<span class=\"elementor-icon-list-text\">Blog<\/span>\n\t\t\t\t\t\t\t\t\t<\/li>\n\t\t\t\t\t\t<\/ul>\n\t\t\t\t\t\t<\/div>\n\t\t\t\t<\/div>\n\t\t\t\t\t<\/div>\n\t\t<\/div>\n\t\t\t\t\t<\/div>\n\t\t<\/section>\n\t\t\t\t<section class=\"elementor-section elementor-top-section elementor-element elementor-element-13793313 elementor-section-boxed elementor-section-height-default elementor-section-height-default\" data-id=\"13793313\" data-element_type=\"section\" data-e-type=\"section\">\n\t\t\t\t\t\t<div class=\"elementor-container elementor-column-gap-default\">\n\t\t\t\t\t<div class=\"elementor-column elementor-col-50 elementor-top-column elementor-element elementor-element-22a936ff elementor-invisible\" data-id=\"22a936ff\" data-element_type=\"column\" data-e-type=\"column\" data-settings=\"{&quot;animation&quot;:&quot;fadeIn&quot;,&quot;animation_delay&quot;:200}\">\n\t\t\t<div class=\"elementor-widget-wrap elementor-element-populated\">\n\t\t\t\t\t\t<div class=\"elementor-element elementor-element-70e4ed8e de_scroll_animation_no elementor-invisible elementor-widget elementor-widget-elementskit-blog-posts\" data-id=\"70e4ed8e\" data-element_type=\"widget\" data-e-type=\"widget\" data-settings=\"{&quot;_animation&quot;:&quot;fadeInUp&quot;}\" data-widget_type=\"elementskit-blog-posts.default\">\n\t\t\t\t<div class=\"elementor-widget-container\">\n\t\t\t\t\t<div class=\"ekit-wid-con\" >        <div id=\"post-items--70e4ed8e\" class=\"row post-items\">\n                    <div class=\"col-lg-6 col-md-6\">\n\n                                    <div class=\"elementskit-post-image-card\">\n                        <div class=\"elementskit-entry-header\">\n                                                            <a href=\"https:\/\/mazzocchi-avocats.com\/index.php\/2026\/04\/13\/le-principe-dimpartialite-subjective-de-la-juridiction-administrative-un-principe-theorique-depourvu-de-portee-pratique-ce-11-mars-2026-commune-de-thorigny-les-villes-n\/\" class=\"elementskit-entry-thumb\">\n                                    <img decoding=\"async\" src=\"https:\/\/mazzocchi-avocats.com\/wp-content\/uploads\/2026\/04\/impartialite-juridiction-administrative-1024x683.jpg\" alt=\"Le principe d\u2019impartialit\u00e9 subjective de la juridiction administrative\u00a0: un principe th\u00e9orique d\u00e9pourvu de port\u00e9e pratique\u00a0? (CE, 11 mars 2026, Commune de Thorigny-les-Villes, n\u00b0497920)\">\n                                <\/a><!-- .elementskit-entry-thumb END -->\n                                                            \n                            \n\t\t\t\t\t\t\t\t\t\t\t\t\t<\/div><!-- .elementskit-entry-header END -->\n\n\t\t\t\t\t\t<div class=\"elementskit-post-body \">\n\t\t\t\t\t\t\t\n\t\t\t\t\t\t\t\t\t\t\t\t\t\t\t\t\t\t\t\t\t\t\t\t\t\n\t\t\t\t\t\t\t\t\n\t\t\t\t\t\t\t\t\t\t\t\t\t\t\t\t\t\t\t\t\t<h2 class=\"entry-title\">\n\t\t\t\t\t<a href=\"https:\/\/mazzocchi-avocats.com\/index.php\/2026\/04\/13\/le-principe-dimpartialite-subjective-de-la-juridiction-administrative-un-principe-theorique-depourvu-de-portee-pratique-ce-11-mars-2026-commune-de-thorigny-les-villes-n\/\">\n\t\t\t\t\t\tLe principe d\u2019impartialit\u00e9 subjective de la juridiction administrative\u00a0: un principe th\u00e9orique d\u00e9pourvu de port\u00e9e pratique\u00a0? (CE, 11 mars 2026, Commune de Thorigny-les-Villes, n\u00b0497920)\t\t\t\t\t<\/a>\n\t\t\t\t<\/h2>\n\t\t\t\t\t\t\t\t\t\t\t\t\t\t\t\t\t\t\t\t\t\t\t\t\t\t\t\t\t\t\t\t\t\t\t\t\t\t\t\t\t\t<p>Le Conseil d\u2019\u00c9tat admet qu\u2019un rapporteur public puisse intervenir en\u2026<\/p>\n\t\t\t\t\t\t\t\t\t\t\t\t\t\t\t\t\t\t\t\t\t\t                                                            <div class=\"btn-wraper\">\n                                                                            <a class=\"elementskit-btn whitespace--normal\" id=\"\" href=\"https:\/\/mazzocchi-avocats.com\/index.php\/2026\/04\/13\/le-principe-dimpartialite-subjective-de-la-juridiction-administrative-un-principe-theorique-depourvu-de-portee-pratique-ce-11-mars-2026-commune-de-thorigny-les-villes-n\/\">\n                                            Lire l&#039;article                                            <i aria-hidden=\"true\" class=\"icon icon-right-arrow\"><\/i>                                        <\/a>\n                                    \n                                                                    <\/div>\n                                                    <\/div><!-- .elementskit-post-body END -->\n                    <\/div>\n                \n            <\/div>\n                    <div class=\"col-lg-6 col-md-6\">\n\n                                    <div class=\"elementskit-post-image-card\">\n                        <div class=\"elementskit-entry-header\">\n                                                            <a href=\"https:\/\/mazzocchi-avocats.com\/index.php\/2026\/03\/04\/soirees-gang-bang-dans-une-cave-parisienne-ou-lappreciation-a-geometrie-variable-de-la-notion-de-dignite-humaine-par-le-juge-administratif\/\" class=\"elementskit-entry-thumb\">\n                                    <img decoding=\"async\" src=\"https:\/\/mazzocchi-avocats.com\/wp-content\/uploads\/2026\/03\/Gang-Bang-Paris-1024x683.jpg\" alt=\"Soir\u00e9es \u00ab Gang-Bang \u00bb dans une cave parisienne ou l\u2019appr\u00e9ciation \u00e0 g\u00e9om\u00e9trie variable de la notion de dignit\u00e9 humaine par le juge administratif\">\n                                <\/a><!-- .elementskit-entry-thumb END -->\n                                                            \n                            \n\t\t\t\t\t\t\t\t\t\t\t\t\t<\/div><!-- .elementskit-entry-header END -->\n\n\t\t\t\t\t\t<div class=\"elementskit-post-body \">\n\t\t\t\t\t\t\t\n\t\t\t\t\t\t\t\t\t\t\t\t\t\t\t\t\t\t\t\t\t\t\t\t\t\n\t\t\t\t\t\t\t\t\n\t\t\t\t\t\t\t\t\t\t\t\t\t\t\t\t\t\t\t\t\t<h2 class=\"entry-title\">\n\t\t\t\t\t<a href=\"https:\/\/mazzocchi-avocats.com\/index.php\/2026\/03\/04\/soirees-gang-bang-dans-une-cave-parisienne-ou-lappreciation-a-geometrie-variable-de-la-notion-de-dignite-humaine-par-le-juge-administratif\/\">\n\t\t\t\t\t\tSoir\u00e9es \u00ab Gang-Bang \u00bb dans une cave parisienne ou l\u2019appr\u00e9ciation \u00e0 g\u00e9om\u00e9trie variable de la notion de dignit\u00e9 humaine par le juge administratif\t\t\t\t\t<\/a>\n\t\t\t\t<\/h2>\n\t\t\t\t\t\t\t\t\t\t\t\t\t\t\t\t\t\t\t\t\t\t\t\t\t\t\t\t\t\t\t\t\t\t\t\t\t\t\t\t\t\t<p>Soir\u00e9es \u00ab gang-bang \u00bb \u00e0 Paris : le Tribunal Administratif\u2026<\/p>\n\t\t\t\t\t\t\t\t\t\t\t\t\t\t\t\t\t\t\t\t\t\t                                                            <div class=\"btn-wraper\">\n                                                                            <a class=\"elementskit-btn whitespace--normal\" id=\"\" href=\"https:\/\/mazzocchi-avocats.com\/index.php\/2026\/03\/04\/soirees-gang-bang-dans-une-cave-parisienne-ou-lappreciation-a-geometrie-variable-de-la-notion-de-dignite-humaine-par-le-juge-administratif\/\">\n                                            Lire l&#039;article                                            <i aria-hidden=\"true\" class=\"icon icon-right-arrow\"><\/i>                                        <\/a>\n                                    \n                                                                    <\/div>\n                                                    <\/div><!-- .elementskit-post-body END -->\n                    <\/div>\n                \n            <\/div>\n                    <div class=\"col-lg-6 col-md-6\">\n\n                                    <div class=\"elementskit-post-image-card\">\n                        <div class=\"elementskit-entry-header\">\n                                                            <a href=\"https:\/\/mazzocchi-avocats.com\/index.php\/2025\/05\/12\/tout-manquement-commis-par-le-comptable-public-dans-la-tenue-des-comptes-engage-sa-responsabilite-reflexions-sur-une-occasion-manquee\/\" class=\"elementskit-entry-thumb\">\n                                    <img decoding=\"async\" src=\"https:\/\/mazzocchi-avocats.com\/wp-content\/uploads\/2025\/05\/Gd-Chambre-4.jpg\" alt=\"Tout manquement commis par le comptable public dans la tenue des comptes engage  sa responsabilit\u00e9 : R\u00e9flexions sur une occasion manqu\u00e9e\">\n                                <\/a><!-- .elementskit-entry-thumb END -->\n                                                            \n                            \n\t\t\t\t\t\t\t\t\t\t\t\t\t<\/div><!-- .elementskit-entry-header END -->\n\n\t\t\t\t\t\t<div class=\"elementskit-post-body \">\n\t\t\t\t\t\t\t\n\t\t\t\t\t\t\t\t\t\t\t\t\t\t\t\t\t\t\t\t\t\t\t\t\t\n\t\t\t\t\t\t\t\t\n\t\t\t\t\t\t\t\t\t\t\t\t\t\t\t\t\t\t\t\t\t<h2 class=\"entry-title\">\n\t\t\t\t\t<a href=\"https:\/\/mazzocchi-avocats.com\/index.php\/2025\/05\/12\/tout-manquement-commis-par-le-comptable-public-dans-la-tenue-des-comptes-engage-sa-responsabilite-reflexions-sur-une-occasion-manquee\/\">\n\t\t\t\t\t\tTout manquement commis par le comptable public dans la tenue des comptes engage  sa responsabilit\u00e9 : R\u00e9flexions sur une occasion manqu\u00e9e\t\t\t\t\t<\/a>\n\t\t\t\t<\/h2>\n\t\t\t\t\t\t\t\t\t\t\t\t\t\t\t\t\t\t\t\t\t\t\t\t\t\t\t\t\t\t\t\t\t\t\t\t\t\t\t\t\t\t<p>12 mai 2025 Tout manquement commis par le comptable public\u2026<\/p>\n\t\t\t\t\t\t\t\t\t\t\t\t\t\t\t\t\t\t\t\t\t\t                                                            <div class=\"btn-wraper\">\n                                                                            <a class=\"elementskit-btn whitespace--normal\" id=\"\" href=\"https:\/\/mazzocchi-avocats.com\/index.php\/2025\/05\/12\/tout-manquement-commis-par-le-comptable-public-dans-la-tenue-des-comptes-engage-sa-responsabilite-reflexions-sur-une-occasion-manquee\/\">\n                                            Lire l&#039;article                                            <i aria-hidden=\"true\" class=\"icon icon-right-arrow\"><\/i>                                        <\/a>\n                                    \n                                                                    <\/div>\n                                                    <\/div><!-- .elementskit-post-body END -->\n                    <\/div>\n                \n            <\/div>\n                    <div class=\"col-lg-6 col-md-6\">\n\n                                    <div class=\"elementskit-post-image-card\">\n                        <div class=\"elementskit-entry-header\">\n                                                            <a href=\"https:\/\/mazzocchi-avocats.com\/index.php\/2025\/03\/20\/protection-fonctionnelle-et-elu-local-un-outil-juridique-bien-connu-comportant-toutefois-un-risque-penal-sil-nest-pas-correctement-mis-en-oeuvre\/\" class=\"elementskit-entry-thumb\">\n                                    <img decoding=\"async\" src=\"https:\/\/mazzocchi-avocats.com\/wp-content\/uploads\/2025\/03\/low-angle-view-of-arles-town-hall-on-place-de-la-r-2024-11-18-07-33-59-utc-1-1024x697.jpg\" alt=\"Protection fonctionnelle et \u00e9lu local\u00a0: Un outil juridique bien connu comportant toutefois un risque p\u00e9nal s\u2019il n\u2019est pas correctement mis en \u0153uvre\">\n                                <\/a><!-- .elementskit-entry-thumb END -->\n                                                            \n                            \n\t\t\t\t\t\t\t\t\t\t\t\t\t<\/div><!-- .elementskit-entry-header END -->\n\n\t\t\t\t\t\t<div class=\"elementskit-post-body \">\n\t\t\t\t\t\t\t\n\t\t\t\t\t\t\t\t\t\t\t\t\t\t\t\t\t\t\t\t\t\t\t\t\t\n\t\t\t\t\t\t\t\t\n\t\t\t\t\t\t\t\t\t\t\t\t\t\t\t\t\t\t\t\t\t<h2 class=\"entry-title\">\n\t\t\t\t\t<a href=\"https:\/\/mazzocchi-avocats.com\/index.php\/2025\/03\/20\/protection-fonctionnelle-et-elu-local-un-outil-juridique-bien-connu-comportant-toutefois-un-risque-penal-sil-nest-pas-correctement-mis-en-oeuvre\/\">\n\t\t\t\t\t\tProtection fonctionnelle et \u00e9lu local\u00a0: Un outil juridique bien connu comportant toutefois un risque p\u00e9nal s\u2019il n\u2019est pas correctement mis en \u0153uvre\t\t\t\t\t<\/a>\n\t\t\t\t<\/h2>\n\t\t\t\t\t\t\t\t\t\t\t\t\t\t\t\t\t\t\t\t\t\t\t\t\t\t\t\t\t\t\t\t\t\t\t\t\t\t\t\t\t\t<p>Les r\u00e9centes plaintes dirig\u00e9es contre les \u00e9lus locaux pour prise\u2026<\/p>\n\t\t\t\t\t\t\t\t\t\t\t\t\t\t\t\t\t\t\t\t\t\t                                                            <div class=\"btn-wraper\">\n                                                                            <a class=\"elementskit-btn whitespace--normal\" id=\"\" href=\"https:\/\/mazzocchi-avocats.com\/index.php\/2025\/03\/20\/protection-fonctionnelle-et-elu-local-un-outil-juridique-bien-connu-comportant-toutefois-un-risque-penal-sil-nest-pas-correctement-mis-en-oeuvre\/\">\n                                            Lire l&#039;article                                            <i aria-hidden=\"true\" class=\"icon icon-right-arrow\"><\/i>                                        <\/a>\n                                    \n                                                                    <\/div>\n                                                    <\/div><!-- .elementskit-post-body END -->\n                    <\/div>\n                \n            <\/div>\n                    <div class=\"col-lg-6 col-md-6\">\n\n                                    <div class=\"elementskit-post-image-card\">\n                        <div class=\"elementskit-entry-header\">\n                                                            <a href=\"https:\/\/mazzocchi-avocats.com\/index.php\/2025\/01\/23\/stationnement-payant-geolocalisation-droit\/\" class=\"elementskit-entry-thumb\">\n                                    <img decoding=\"async\" src=\"https:\/\/mazzocchi-avocats.com\/wp-content\/uploads\/2025\/01\/two-businesswomen-at-pay-and-display-ticket-machin-2024-09-17-23-12-01-utc-1024x683.jpg\" alt=\"Stationnement payant sur voirie et g\u00e9olocalisation\u00a0: Entre avanc\u00e9e des droits des usagers et l\u00e9galisation de pratiques d\u00e9nonc\u00e9es des soci\u00e9t\u00e9s d\u00e9l\u00e9gataires du stationnement payant\">\n                                <\/a><!-- .elementskit-entry-thumb END -->\n                                                            \n                            \n\t\t\t\t\t\t\t\t\t\t\t\t\t<\/div><!-- .elementskit-entry-header END -->\n\n\t\t\t\t\t\t<div class=\"elementskit-post-body \">\n\t\t\t\t\t\t\t\n\t\t\t\t\t\t\t\t\t\t\t\t\t\t\t\t\t\t\t\t\t\t\t\t\t\n\t\t\t\t\t\t\t\t\n\t\t\t\t\t\t\t\t\t\t\t\t\t\t\t\t\t\t\t\t\t<h2 class=\"entry-title\">\n\t\t\t\t\t<a href=\"https:\/\/mazzocchi-avocats.com\/index.php\/2025\/01\/23\/stationnement-payant-geolocalisation-droit\/\">\n\t\t\t\t\t\tStationnement payant sur voirie et g\u00e9olocalisation\u00a0: Entre avanc\u00e9e des droits des usagers et l\u00e9galisation de pratiques d\u00e9nonc\u00e9es des soci\u00e9t\u00e9s d\u00e9l\u00e9gataires du stationnement payant\t\t\t\t\t<\/a>\n\t\t\t\t<\/h2>\n\t\t\t\t\t\t\t\t\t\t\t\t\t\t\t\t\t\t\t\t\t\t\t\t\t\t\t\t\t\t\t\t\t\t\t\t\t\t\t\t\t\t<p>23 janvier 2025 Stationnement payant sur voirie et g\u00e9olocalisation\u00a0: Entre\u2026<\/p>\n\t\t\t\t\t\t\t\t\t\t\t\t\t\t\t\t\t\t\t\t\t\t                                                            <div class=\"btn-wraper\">\n                                                                            <a class=\"elementskit-btn whitespace--normal\" id=\"\" href=\"https:\/\/mazzocchi-avocats.com\/index.php\/2025\/01\/23\/stationnement-payant-geolocalisation-droit\/\">\n                                            Lire l&#039;article                                            <i aria-hidden=\"true\" class=\"icon icon-right-arrow\"><\/i>                                        <\/a>\n                                    \n                                                                    <\/div>\n                                                    <\/div><!-- .elementskit-post-body END -->\n                    <\/div>\n                \n            <\/div>\n                    <div class=\"col-lg-6 col-md-6\">\n\n                                    <div class=\"elementskit-post-image-card\">\n                        <div class=\"elementskit-entry-header\">\n                                                            <a href=\"https:\/\/mazzocchi-avocats.com\/index.php\/2024\/12\/11\/spoofing-arnaque-banque\/\" class=\"elementskit-entry-thumb\">\n                                    <img decoding=\"async\" src=\"https:\/\/mazzocchi-avocats.com\/wp-content\/uploads\/2024\/12\/arnaques-banques-spoofing-remboursement-1-1024x677.jpg\" alt=\"Victimes de Spoofing : Ne vous laissez pas abuser (une seconde fois) par les Banques !\">\n                                <\/a><!-- .elementskit-entry-thumb END -->\n                                                            \n                            \n\t\t\t\t\t\t\t\t\t\t\t\t\t<\/div><!-- .elementskit-entry-header END -->\n\n\t\t\t\t\t\t<div class=\"elementskit-post-body \">\n\t\t\t\t\t\t\t\n\t\t\t\t\t\t\t\t\t\t\t\t\t\t\t\t\t\t\t\t\t\t\t\t\t\n\t\t\t\t\t\t\t\t\n\t\t\t\t\t\t\t\t\t\t\t\t\t\t\t\t\t\t\t\t\t<h2 class=\"entry-title\">\n\t\t\t\t\t<a href=\"https:\/\/mazzocchi-avocats.com\/index.php\/2024\/12\/11\/spoofing-arnaque-banque\/\">\n\t\t\t\t\t\tVictimes de Spoofing : Ne vous laissez pas abuser (une seconde fois) par les Banques !\t\t\t\t\t<\/a>\n\t\t\t\t<\/h2>\n\t\t\t\t\t\t\t\t\t\t\t\t\t\t\t\t\t\t\t\t\t\t\t\t\t\t\t\t\t\t\t\t\t\t\t\t\t\t\t\t\t\t<p>Victimes de spoofing\u00a0: Ne vous laissez pas abuser (une seconde\u2026<\/p>\n\t\t\t\t\t\t\t\t\t\t\t\t\t\t\t\t\t\t\t\t\t\t                                                            <div class=\"btn-wraper\">\n                                                                            <a class=\"elementskit-btn whitespace--normal\" id=\"\" href=\"https:\/\/mazzocchi-avocats.com\/index.php\/2024\/12\/11\/spoofing-arnaque-banque\/\">\n                                            Lire l&#039;article                                            <i aria-hidden=\"true\" class=\"icon icon-right-arrow\"><\/i>                                        <\/a>\n                                    \n                                                                    <\/div>\n                                                    <\/div><!-- .elementskit-post-body END -->\n                    <\/div>\n                \n            <\/div>\n                <\/div>\n       <\/div>\t\t\t\t<\/div>\n\t\t\t\t<\/div>\n\t\t\t\t\t<\/div>\n\t\t<\/div>\n\t\t\t\t<div class=\"elementor-column elementor-col-50 elementor-top-column elementor-element elementor-element-b75634d elementor-invisible\" data-id=\"b75634d\" data-element_type=\"column\" data-e-type=\"column\" data-settings=\"{&quot;animation&quot;:&quot;fadeIn&quot;,&quot;animation_delay&quot;:400}\">\n\t\t\t<div class=\"elementor-widget-wrap elementor-element-populated\">\n\t\t\t\t\t\t<section class=\"elementor-section elementor-inner-section elementor-element elementor-element-300a47be elementor-section-boxed elementor-section-height-default elementor-section-height-default\" data-id=\"300a47be\" data-element_type=\"section\" data-e-type=\"section\">\n\t\t\t\t\t\t<div class=\"elementor-container elementor-column-gap-default\">\n\t\t\t\t\t<div class=\"elementor-column elementor-col-100 elementor-inner-column elementor-element elementor-element-62276172\" data-id=\"62276172\" data-element_type=\"column\" data-e-type=\"column\" data-settings=\"{&quot;background_background&quot;:&quot;classic&quot;}\">\n\t\t\t<div class=\"elementor-widget-wrap elementor-element-populated\">\n\t\t\t\t\t\t<div class=\"elementor-element elementor-element-5b09001 de_scroll_animation_no elementor-widget elementor-widget-heading\" data-id=\"5b09001\" data-element_type=\"widget\" data-e-type=\"widget\" data-widget_type=\"heading.default\">\n\t\t\t\t<div class=\"elementor-widget-container\">\n\t\t\t\t\t<h3 class=\"elementor-heading-title elementor-size-default\">Mazzocchi Avocats<\/h3>\t\t\t\t<\/div>\n\t\t\t\t<\/div>\n\t\t\t\t<div class=\"elementor-element elementor-element-64ced2e5 de_scroll_animation_no elementor-widget elementor-widget-text-editor\" data-id=\"64ced2e5\" data-element_type=\"widget\" data-e-type=\"widget\" data-widget_type=\"text-editor.default\">\n\t\t\t\t<div class=\"elementor-widget-container\">\n\t\t\t\t\t\t\t\t\t<p>Retrouvez sur cette page les actualit\u00e9s du cabinet ainsi que des articles, billets d&rsquo;humeur et d&rsquo;actualit\u00e9s sur le droit public fran\u00e7ais et europ\u00e9en.<\/p>\t\t\t\t\t\t\t\t<\/div>\n\t\t\t\t<\/div>\n\t\t\t\t<div class=\"elementor-element elementor-element-1548f772 de_scroll_animation_no elementor-widget elementor-widget-heading\" data-id=\"1548f772\" data-element_type=\"widget\" data-e-type=\"widget\" data-widget_type=\"heading.default\">\n\t\t\t\t<div class=\"elementor-widget-container\">\n\t\t\t\t\t<h3 class=\"elementor-heading-title elementor-size-default\">Actualit\u00e9s &amp; Publications<\/h3>\t\t\t\t<\/div>\n\t\t\t\t<\/div>\n\t\t\t\t<div class=\"elementor-element elementor-element-54b49461 elementor-icon-list--layout-traditional elementor-list-item-link-full_width de_scroll_animation_no elementor-widget elementor-widget-icon-list\" data-id=\"54b49461\" data-element_type=\"widget\" data-e-type=\"widget\" data-widget_type=\"icon-list.default\">\n\t\t\t\t<div class=\"elementor-widget-container\">\n\t\t\t\t\t\t\t<ul class=\"elementor-icon-list-items\">\n\t\t\t\t\t\t\t<li class=\"elementor-icon-list-item\">\n\t\t\t\t\t\t\t\t\t\t\t<a href=\"https:\/\/mazzocchi-avocats.com\/index.php\/blog\/\">\n\n\t\t\t\t\t\t\t\t\t\t\t\t<span class=\"elementor-icon-list-icon\">\n\t\t\t\t\t\t\t<i aria-hidden=\"true\" class=\"icon icon-right-arrow1\"><\/i>\t\t\t\t\t\t<\/span>\n\t\t\t\t\t\t\t\t\t\t<span class=\"elementor-icon-list-text\">Notes et commentaires<\/span>\n\t\t\t\t\t\t\t\t\t\t\t<\/a>\n\t\t\t\t\t\t\t\t\t<\/li>\n\t\t\t\t\t\t\t\t<li class=\"elementor-icon-list-item\">\n\t\t\t\t\t\t\t\t\t\t\t<a href=\"https:\/\/mazzocchi-avocats.com\/index.php\/publications\/\">\n\n\t\t\t\t\t\t\t\t\t\t\t\t<span class=\"elementor-icon-list-icon\">\n\t\t\t\t\t\t\t<i aria-hidden=\"true\" class=\"icon icon-right-arrow1\"><\/i>\t\t\t\t\t\t<\/span>\n\t\t\t\t\t\t\t\t\t\t<span class=\"elementor-icon-list-text\">Publications<\/span>\n\t\t\t\t\t\t\t\t\t\t\t<\/a>\n\t\t\t\t\t\t\t\t\t<\/li>\n\t\t\t\t\t\t<\/ul>\n\t\t\t\t\t\t<\/div>\n\t\t\t\t<\/div>\n\t\t\t\t\t<\/div>\n\t\t<\/div>\n\t\t\t\t\t<\/div>\n\t\t<\/section>\n\t\t\t\t\t<\/div>\n\t\t<\/div>\n\t\t\t\t\t<\/div>\n\t\t<\/section>\n\t\t\t\t<\/div>\n\t\t","protected":false},"excerpt":{"rendered":"<p>Actualit\u00e9s &#038; Publications Accueil Blog Stationnement payant sur voirie et g\u00e9olocalisation\u00a0: Entre avanc\u00e9e des droits des usagers et l\u00e9galisation de pratiques d\u00e9nonc\u00e9es des soci\u00e9t\u00e9s d\u00e9l\u00e9gataires du stationnement payant 23 janvier 2025 Stationnement payant sur voirie et g\u00e9olocalisation\u00a0: Entre\u2026 Lire l&#039;article Victimes de Spoofing : Ne vous laissez pas abuser (une seconde fois) par les Banques&hellip; <a class=\"more-link\" href=\"https:\/\/mazzocchi-avocats.com\/index.php\/2024\/12\/11\/spoofing-arnaque-banque\/\">Poursuivre la lecture <span class=\"screen-reader-text\">Victimes de Spoofing : Ne vous laissez pas abuser (une seconde fois) par les Banques !<\/span><\/a><\/p>\n","protected":false},"author":2,"featured_media":0,"parent":0,"menu_order":0,"comment_status":"closed","ping_status":"closed","template":"elementor_header_footer","meta":{"footnotes":""},"class_list":["post-245","page","type-page","status-publish","hentry","entry"],"_links":{"self":[{"href":"https:\/\/mazzocchi-avocats.com\/index.php\/wp-json\/wp\/v2\/pages\/245","targetHints":{"allow":["GET"]}}],"collection":[{"href":"https:\/\/mazzocchi-avocats.com\/index.php\/wp-json\/wp\/v2\/pages"}],"about":[{"href":"https:\/\/mazzocchi-avocats.com\/index.php\/wp-json\/wp\/v2\/types\/page"}],"author":[{"embeddable":true,"href":"https:\/\/mazzocchi-avocats.com\/index.php\/wp-json\/wp\/v2\/users\/2"}],"replies":[{"embeddable":true,"href":"https:\/\/mazzocchi-avocats.com\/index.php\/wp-json\/wp\/v2\/comments?post=245"}],"version-history":[{"count":92,"href":"https:\/\/mazzocchi-avocats.com\/index.php\/wp-json\/wp\/v2\/pages\/245\/revisions"}],"predecessor-version":[{"id":889,"href":"https:\/\/mazzocchi-avocats.com\/index.php\/wp-json\/wp\/v2\/pages\/245\/revisions\/889"}],"wp:attachment":[{"href":"https:\/\/mazzocchi-avocats.com\/index.php\/wp-json\/wp\/v2\/media?parent=245"}],"curies":[{"name":"wp","href":"https:\/\/api.w.org\/{rel}","templated":true}]}}